10*b - 220. Suppose 0 = b*c - 35*c - 2196. Calculate the remainder when c is divided by 41.
39
Let v(a) = a**3 - 6*a**2 + 7. Let x be v(6). Suppose -4*h = -x*h - 63. Let m = 37 + h. What is the remainder when 29 is divided by m?
13
Let z = 21 - 80. Let h = -21 - z. What is the remainder when h is divided by (-3 - (-4 - 0))*13?
12
Suppose 2*k - 2 = -6. Let g = k - -7. Let c(a) = 8*a - 7. Calculate the remainder when c(g) is divided by 12.
9
Let u(i) be the third derivative of i**5/30 - i**4/2 - 5*i**3/6 - 40*i**2. Calculate the remainder when 33 is divided by u(7).
6
Let z be (3 - -13)*(-3)/4. Let l(w) = -4*w + 1. What is the remainder when z/(-20) + 117/5 is divided by l(-3)?
11
Suppose -2*r - 3*r - 338 = -4*x, -4*r = -4*x + 340. Let u = 158 - x. Calculate the remainder when u is divided by 12.
11
Let p(h) be the second derivative of -5/6*h**4 - 11/6*h**3 - 1/20*h**5 - 3*h + 0 - 9/2*h**2. What is the remainder when 16 is divided by p(-9)?
7
Suppose -2*t = -3*c + 4853, -5*c + t = 5*t - 8081. Suppose 6*h - c = -5*h. What is the remainder when h is divided by 37?
36
Suppose -v + 8 = -0. Calculate the remainder when 69 is divided by v.
5
Suppose -3*h = -3 - 6. Suppose 2*p + 3 = h*p + 2*d, -13 = p - 2*d. Calculate the remainder when (-22)/6*(-8 - p) is divided by 3.
2
Let l = -180 + 299. Calculate the remainder when l is divided by 63.
56
Suppose -3*l = 6, -k - 2*k + 299 = -l. Calculate the remainder when k is divided by 25.
24
Suppose a - 5*g - 1 = 19, 0 = -a + 2*g + 26. Calculate the remainder when 266 is divided by a.
26
Let s(i) = i**3 + 36*i**2 + 32*i - 98. Calculate the remainder when s(-35) is divided by 3.
1
Suppose -n + 9 = 2*n. What is the remainder when 1*(24 - 0/3) is divided by 14 - n/(-6)*-2?
11
Let s = -3 + 7. Suppose n = 3*f - 46, -s*f = 5*n - 33 - 41. Calculate the remainder when 3/(-6)*31*-2 is divided by f.
15
Suppose 5*z + 62 = q, q - 71 = z - 5*z. Calculate the remainder when q is divided by 12.
7
Suppose -5*m = -2*n + 64, 4*m + 10 - 2 = 0. Let y = -8 - -14. What is the remainder when n is divided by y?
3
Suppose -4*w + 8*a = 3*a - 8, -5*w + 10 = -5*a. Suppose -w*p - 68 = -4*s, -2*p + 34 = -5*s + 7*s. Calculate the remainder when 201 is divided by s.
14
Let l = -235 - -241. What is the remainder when 14 is divided by l?
2
Suppose 5*t = 3*t + 22. Suppose 4*h - h + 21 = 5*r, 14 = 2*r - 4*h. Suppose r*l + 32 - 122 = 0. What is the remainder when l is divided by t?
8
Let u(j) be the third derivative of -j**4/24 - 11*j**3/6 + 8*j**2. Let p be u(-6). Let w = -1 - p. Calculate the remainder when 5 is divided by w.
1
Suppose 0 = n + 2 + 1, 3*l + 5*n + 3 = 0. What is the remainder when 61 is divided by (l - (-13 + 3)) + 3?
10
Suppose -v = -m - 12, -2 = -0*v - 2*v. What is the remainder when (-2)/((-4)/14)*m/(-11) is divided by 6?
1
Suppose -5*q + 3*m = -96 - 654, -3*q + m + 446 = 0. Calculate the remainder when q is divided by 10.
7
Suppose -3*c = d - 5*c - 78, 4*d = -5*c + 351. Suppose -22*b = -19*b - d. What is the remainder when b is divided by 8?
4
Suppose 2901 = 4*n + 3*v, 3*v + 1450 = 2*n + 5*v. What is the remainder when n is divided by 13?
11
Let c be (-6)/27 + 48/(-27). Let x be (8 + 4)*c/(-6). Suppose x*p = 3*f + 26, -p + f + 0*f + 6 = 0. Calculate the remainder when p is divided by 3.
2
What is the remainder when 97 is divided by 34/51*102/4?
12
What is the remainder when -5 + (1 - -9) - -353 is divided by 36?
34
Suppose 3*q = 4*t - 2*t + 22, -3*t - 31 = -4*q. Suppose -q*s + 90 = s. Calculate the remainder when 33 is divided by s.
15
Let w(i) = 4*i + 326. Calculate the remainder when w(-41) is divided by 39.
6
Let x = -9 - -13. Suppose 0 = j + x*j - 195. Calculate the remainder when 152 is divided by j.
35
Let j(v) = 13*v - 32. Calculate the remainder when j(6) is divided by 19.
8
Suppose -w + 0*w - 172 = 3*r, 0 = -5*r + 3*w - 310. Let f = -33 - r. Calculate the remainder when 128 is divided by f.
24
Let j(p) = 12*p**3 - 3*p**2 + 8*p - 7. Calculate the remainder when j(2) is divided by 32.
29
Let y(h) = 3*h**2 - 15*h + 41. What is the remainder when 79 is divided by y(4)?
21
Let m(r) = r**2 - 10*r. Let g be m(11). Let y = g - -45. Calculate the remainder when y is divided by 30.
26
Let z be 1/6 + (308/(-24))/(-7). Suppose 3*b = 3*u + 114, 5*u - 33 = -z*b + 36. What is the remainder when b is divided by (-3 - (1 - 3)) + 14?
11
Suppose -2*t = 2*k - 150, -5*t - 2*k + 375 = -0*t. Let r = t + -68. What is the remainder when 34 is divided by r?
6
Let k(g) = -2*g**3 - 6*g**2 - 4*g + 10. What is the remainder when 26 is divided by k(-3)?
4
Calculate the remainder when 568 is divided by 46 + (18 - (-77)/(-11)).
55
Let a(j) = 2*j - 10. Suppose -2*o = 2*o - 328. Suppose 4*y - 78 - o = 0. Calculate the remainder when y is divided by a(12).
12
What is the remainder when (-11710)/(-75) + (22/15)/(-11) is divided by 69?
18
Let i(o) = -o**2 - 11*o + 13. Suppose d - 4*d = -5*j - 40, -j = -d + 6. What is the remainder when 103 is divided by i(j)?
12
Suppose -2*w = 6 - 2. Let o = w + 15. Calculate the remainder when 63 is divided by o.
11
Let h(l) = 4*l + 5. Let y(x) = -x. Let z(m) = -3*h(m) - 3*y(m). What is the remainder when z(-3) is divided by 5?
2
Suppose -5*z - 75 = -465. Suppose z - 12 = 2*d. Suppose -4*w + 95 = -d. Calculate the remainder when w is divided by 11.
10
Let u(k) = -2*k**2 - 6*k - 21. Let i be u(-3). What is the remainder when 82 is divided by (i + 0)*(5/3 + -3)?
26
Let b be -4*1 - (0 + -6). What is the remainder when 59 - (-5)/(b - 7) is divided by 12?
10
Let h(c) = -2*c**2 - 49*c - 14. Suppose 2*o + 0*o - 48 = 2*j, -4*o + 5*j + 94 = 0. Calculate the remainder when o is divided by h(-24).
6
Suppose 0 = -c - c + 3*l + 21, 0 = -4*c + 2*l + 46. Let w = c + -5. Calculate the remainder when (35/(-15) - -3)/(2/75) is divided by w.
4
Let s = 188 - 116. Calculate the remainder when s is divided by 22.
6
Suppose -2 = -3*v + 10. Suppose 24 = 4*h - 4*c + v, 0 = -3*h + c + 17. Suppose 0 = -h*y + 3*y + 219. Calculate the remainder when y is divided by 19.
16
Calculate the remainder when 270 is divided by -3*8/(-20)*1240/16.
84
Let f be (18*(-2)/(-1))/(12 - 10). Suppose 3*t - 5*m - 43 - 9 = 0, -t + f = -2*m. Calculate the remainder when 64 is divided by t.
8
Suppose -2*m = 4*f + m + 22, -3*m + 6 = -3*f. Let u(c) = -2*c**3 - 4*c**2 + 7*c - 2. What is the remainder when u(f) is divided by 9?
7
Let p = 395 - 281. Suppose p = -i + 7*i. What is the remainder when 54 is divided by i?
16
Suppose -2*n + 9 + 57 = 0. Let r(f) be the second derivative of f**4/12 + 5*f**3/6 + 15*f**2/2 - 27*f. Calculate the remainder when n is divided by r(-3).
6
Let b(z) = -7*z**3 + 2*z**2 + 2*z + 1. Let m be b(-1). Let p = -566 + 574. What is the remainder when (42/(-8))/((-3)/m) is divided by p?
6
Let b = 192 - -26. Calculate the remainder when b is divided by 32.
26
Suppose 385 = 3*r - 2*h - 0*h, 0 = -4*r - 4*h + 540. Let s = r + -75. Calculate the remainder when 109 is divided by s.
53
Let k(x) = x**3 + x**2 + 4*x + 6. Let g be k(-6). Let c = -44 - g. Calculate the remainder when c is divided by 26.
24
Suppose 4*i = 188 + 4. What is the remainder when i is divided by 5?
3
Suppose 41*l + 238 - 2206 = 0. Suppose -2*s + 9 + 5 = 0. Calculate the remainder when l is divided by s.
6
Let l = -868 - -885. Calculate the remainder when l is divided by 9.
8
Let y(n) = -4*n**3 + 5*n + 5. Let a be (-1)/(-2) - 65/26. What is the remainder when 105 is divided by y(a)?
24
Suppose 2062 = 5*x + k, -395 = -x - 12*k + 6*k. Calculate the remainder when x is divided by 83.
81
Suppose 3*y - 46 = 107. Let g = -304 + 208. Let r = -83 - g. Calculate the remainder when y is divided by r.
12
Let i(r) = r**2 - 6*r + 4. What is the remainder when 273 is divided by i(7)?
9
What is the remainder when 23 is divided by (33/(-44))/(3/(-24))?
5
Suppose 105 = -2*u + 191. Calculate the remainder when 384 is divided by u.
40
Suppose 196 + 180 = 4*b. What is the remainder when b + (-5)/(5/(-4)) is divided by 17?
13
Let c(q) = -q + 4. Let s(o) = -2*o + 3. Let i(m) = 4*c(m) - 3*s(m). Let h = 103 + -59. What is the remainder when h is divided by i(4)?
14
Let o(u) = u + 14. What is the remainder when 31 + 1*2/2 is divided by o(-8)?
2
Suppose -r - 35 = -3*a + r, -5*a = 4*r - 51. Let g(n) = n**2 - 9*n